- 54. What are the prime factors of (414/(-10))/((-95)/v - 4)?
3, 23
Suppose 21454 = -11*u - 6*u. Let f = u - -2032. List the prime factors of f.
2, 5, 7, 11
Let w = -531 + 792. Suppose 8*q - 2997 + w = 0. Let x = q - 225. List the prime factors of x.
3, 13
What are the prime factors of (-219737)/(-3) + 7565/(-1335)?
2, 5, 1831
Suppose -2*c + 4804 + 3248 = 5*h, 5*h + 12003 = 3*c. List the prime factors of c.
3, 7, 191
Suppose 5*m = -4*k + 208251, 5*k + 12*m = 7*m + 260305. List the prime factors of k.
2, 17, 1531
What are the prime factors of (8611/1)/((0 - 0) + 1 + 0)?
79, 109
Suppose -3*r = 9*s - 5*s - 60956, -4*s + 20 = 0. What are the prime factors of r?
2, 2539
Let h(z) = -5*z - 12. Let x be h(-2). Let q(f) = -9*f**3 + f**2 - 2*f. List the prime factors of q(x).
2, 5
Suppose -4*p + 29150 = -2*q, -62*p - 4*q = -61*p - 7265. What are the prime factors of p?
5, 31, 47
Let i be (238/(-4))/(-7) - 21/(-14). Suppose 23*g = 21*g + i, c - 2*g = 783. What are the prime factors of c?
13, 61
Let d be (-202)/(-20) - (-3 - 62/(-20)). Suppose 0 = 2*j - 5*k - 3044, 6*j = d*j + k - 6044. List the prime factors of j.
2, 3, 7
Let o = 188 - 180. Suppose o*x - 16*x + 2320 = 0. What are the prime factors of x?
2, 5, 29
Suppose 0 = 62*u + 17*u - 884247 + 3792. What are the prime factors of u?
3, 5, 743
List the prime factors of (-42)/(-70)*76952/12*5.
2, 9619
List the prime factors of (-5*(-152)/(-120))/(3 - (-1928)/(-642)).
19, 107
Let l = -477 - -709. What are the prime factors of (0 - l/(-10))/(2/10)?
2, 29
Let t(j) be the third derivative of 7*j**5/60 + 23*j**4/24 - 37*j**3/6 + 2*j**2 + 23. List the prime factors of t(9).
11, 67
Suppose 156*x = 151*x + 1115. Let d = x - 17. List the prime factors of d.
2, 103
Suppose -52 = 5*w + 8*w. Let g(o) = 50*o**2 - 27*o - 6. What are the prime factors of g(w)?
2, 11, 41
Let t = 53 + -50. Suppose -u - 3*r = -t, -u + 3*r + 7 = 4*r. List the prime factors of -3*118*(-3)/u.
2, 59
Suppose 166*k - 132*k = 137938. List the prime factors of k.
4057
Let w = 252 - -477. Suppose 0 = 2*r - w - 201. List the prime factors of r.
3, 5, 31
Suppose -5*s - 61 = -71. Suppose -4*f - s*v + 82 = 0, 2*f + 3*v = 3*f - 38. What are the prime factors of f?
23
Let g = -32 + 34. Suppose -4*y = -g*y + t - 15, -y - 3*t = -15. Suppose 4*l - 216 = b, -y*l + 7*l - 54 = -b. List the prime factors of l.
2, 3
Let z = 45649 + -64. What are the prime factors of z?
3, 5, 1013
Let q(r) = r**3 - 6*r**2 - 18*r + 11. Let n be q(8). What are the prime factors of n - (-380 - -6) - -4?
373
Suppose -3*g - 8 = g. Let t = -1 - g. Suppose 0 = -3*z - 3*h - t + 28, z + 11 = 4*h. What are the prime factors of z?
5
Let p be (-6)/(-4) - (-4809)/6. Suppose -5*s + 2*r = 2138 + 533, 2*s + 1057 = -3*r. Let x = s + p. List the prime factors of x.
2, 3, 5
Let y = 32 + 58443. List the prime factors of y.
5, 2339
Let u(f) = f**3 + 10*f**2 - 11*f - 1. Let d = 75 - 86. Let v be u(d). What are the prime factors of v/(4/76)*(-8 + -1)?
3, 19
Let o = -6599 - -8893. What are the prime factors of o?
2, 31, 37
Let g be 11/((-363)/(-22)) - 1588/(-3). Let k = g - -23. What are the prime factors of k?
7, 79
Let f = 44965 + -18792. What are the prime factors of f?
7, 3739
Suppose 0 = -141*j + 4029539 + 1885834. List the prime factors of j.
41953
What are the prime factors of (-3)/(-2)*((-1038700)/(-75) + 6)?
7, 2969
Let x(q) = 171*q**2 + 112*q + 1397. What are the prime factors of x(-14)?
3, 5, 13, 19
Suppose 4*y + 4*v - 5*v = 62896, y - 15703 = -5*v. What are the prime factors of y?
3, 1747
Suppose -2411 = 16*x + 1269. Let s = x + 910. List the prime factors of s.
2, 5, 17
Let h(d) = -10*d - 144. Let n be h(-14). Let w(m) = -139*m - 15. List the prime factors of w(n).
541
Suppose 5*m = -15, -4*m + 3*m = -3*d - 15. Let w(i) = -229*i + 106. What are the prime factors of w(d)?
2, 5, 37
Let t = 50456 + -19031. List the prime factors of t.
3, 5, 419
Suppose -864 = -35*s + 33*s. Suppose 4*b - 4*p - s = 0, -b - 5*p - 14 = -110. What are the prime factors of b?
2, 53
List the prime factors of (-1823416)/(-34) - ((-240)/(-2295) - (-10)/(-45)).
2, 5, 31, 173
Suppose -4*j + n + 28 - 152 = 0, 2*j - 2*n + 56 = 0. Let l = -28 - j. Suppose 2*b = -f + 2*f - 35, 3*f - 115 = l*b. What are the prime factors of f?
3, 5
Suppose -11*n + 4 = -9*n. Suppose 0*u = n*u - 8. Suppose 0 = -u*x + 5*l + 115, -2*x + 80 = -0*l + 2*l. List the prime factors of x.
5, 7
Let w = -11125 - -19906. What are the prime factors of w?
3, 2927
Let l be (-3 + 1)/10 + (-10)/(-50). Suppose -6*p + p = l. Suppose 3*v - 7*v + 16 = p, -108 = -2*n - 5*v. What are the prime factors of n?
2, 11
Let x(w) = 3*w - 5*w + 17*w + 3 - 2*w + 2*w**2. List the prime factors of x(-9).
2, 3
Let b = 29705 + -26935. What are the prime factors of b?
2, 5, 277
Suppose -35*u + 2*u + 186912 = 0. What are the prime factors of u?
2, 3, 59
Let p = -358 - -515. Let h = p + 698. List the prime factors of h.
3, 5, 19
Let q(z) = 183*z**3 + 11*z**2 - 68*z + 97. What are the prime factors of q(6)?
7, 5659
Suppose -12*i + 37039 - 30200 = -59605. What are the prime factors of i?
7, 113
List the prime factors of -12 + (12 - 10) - -3160.
2, 3, 5, 7
Suppose 8 = -5*u - 7, -3*u = -g + 66. Let k(m) = 2*m**2 + 19*m + 12. Let f be k(-9). Suppose f*r + g = 6*r. List the prime factors of r.
19
Suppose -t = 3*q - 17, -3*t + 12 = t - 2*q. Suppose -99 = -j + 3*g + 103, 5*g = -t*j + 1070. List the prime factors of j.
211
Let p be (-3506)/(-5) - -4*(-9)/(-45). Suppose -2*n + 3*z = -p, -19 + 3 = -4*z. What are the prime factors of n?
3, 7, 17
Let a be (-2)/(-8) + (-5)/(80/(-476)). What are the prime factors of (-1000)/(-6) - a/(-90)?
167
Let l be 123156/75 - (-54)/(-675). Suppose -38*y = 4*h - 37*y - 6586, -h = -2*y - l. List the prime factors of h.
2, 823
Let p(z) = -10*z + z + 5 - 16 + z + 5*z**3 - 9*z**2. Let r(b) = b**3 + b - 1. Let n(c) = -p(c) + 4*r(c). List the prime factors of n(10).
3
Let l(n) = -454*n - 478. List the prime factors of l(-11).
2, 1129
Suppose w + 4*t = -w - 4, -2*t = 3*w - 14. Suppose -4*h + 13*c + 6571 = w*c, 5*h - 8192 = -c. What are the prime factors of h?
11, 149
Let h(r) = r**3 + 29*r**2 - 22*r - 19. Let v(x) = x**3 + 30*x**2 - 22*x - 18. Let f(z) = 2*h(z) - 3*v(z). What are the prime factors of f(-33)?
379
Let n = -95 + 98. Suppose 4*l + 1255 = n*h, -3*h + 2*l + 2073 = 2*h. Suppose 2*c - 5*d - h = 0, 4*c + 0*d - 886 = -2*d. List the prime factors of c.
3, 73
Let c(i) = -i**3 - 9*i**2 - 12. Let m be c(-10). Let a = 933 + m. List the prime factors of a.
1021
Suppose -26*g = -35*g + 7677. List the prime factors of g.
853
Let p(c) = 2*c**2 + 30*c**3 - 5*c + 4*c + 4 - 7*c**3 - c**2. Let g be p(2). Suppose 2*l - 2 = -0, g = v - 5*l. List the prime factors of v.
3, 5, 13
Let t(h) = h**2 - 5*h - 1. Let m be t(6). Suppose 5*c - 1 + 11 = -m*g, c = -5. Let y(d) = 2*d**3 + 2*d**2 + 2*d - 1. What are the prime factors of y(g)?
7, 11
Let z(g) = -32*g - 39*g**2 + 38*g**2 + 34 + 47*g. Suppose 0*u = -4*u + 64. What are the prime factors of z(u)?
2, 3
Let s(p) = -p**3 + 25*p**2 - 16*p + 25. Let o be s(24). Suppose o*g - 1360 = 213*g. What are the prime factors of g?
2, 5, 17
Let i = -19645 - -19639. Let w(y) = 25 - 7 + 15 - 29*y. What are the prime factors of w(i)?
3, 23
Let n = 339 + -579. Let v = 343 - n. List the prime factors of v.
11, 53
Suppose 5*h + 2*r + 202 + 392 = 0, 2*h = -4*r - 228. Let x(c) = c**2 + 4*c - 4. Let j be x(-5). List the prime factors of j + -5 - ((-6 - -4) + h).
2, 59
Let l(c) = 34*c + 11. Let f(a) = a**3 - 10*a**2 + 9*a + 12. Let m be f(9). Let t be l(m). Suppose 0 = 6*j - t + 155. What are the prime factors of j?
2, 11
Let j(x) = 14*x**2. Let p be j(1). Let g be (17 - 3)*7/p. What are the prime factors of (-4)/(-14) - (-572)/g?
2, 41
Suppose 113*v - 55*v = 85*v - 594702. What are the prime factors of v?
2, 3, 3671
Let z(h) = -16*h - 78. Let i be (3 - 28/20)/(16/(-200)). What are the prime factors of z(i)?
2, 11
Let f = -10 + 103. Let d = f + 35. What are the prime factors of d?
2
Suppose -3*v + 6 = -0*v, -2*n - 2*v + 514 = 0. Suppose 3*f - n = -1287. List the prime factors of (-30)/(-12)*f/(-10).
2, 43
Let s be 5/(4 + 1 + (-4 - 0)). Let w = -33 - -58. Let n = w + s. List the prime factors of n.
2, 3, 5
Let w be ((-44)/55)/((-1)/100). Let s be -6